{"id":9278,"date":"2026-03-26T17:24:45","date_gmt":"2026-03-26T16:24:45","guid":{"rendered":"https:\/\/www.eco-innov.com\/project\/iluminacion-de-los-jardines-del-museo-rodin\/"},"modified":"2026-04-20T11:03:51","modified_gmt":"2026-04-20T09:03:51","slug":"iluminacion-de-los-jardines-del-museo-rodin","status":"publish","type":"project","link":"https:\/\/www.eco-innov.com\/es\/proyecto\/iluminacion-de-los-jardines-del-museo-rodin\/","title":{"rendered":"Iluminaci\u00f3n de los jardines del Museo Rodin"},"content":{"rendered":"<\/div>\n<div id=\"block-hero-block_a0c32f6aeccd83821bda484020e8a1e7\" class=\"container-fluid header_project_part px-0  block-hero\">\n    <div class=\"container\">\n        <div class=\"row\">\n            <div class=\"col-12\">\n                <nav aria-label=\"breadcrumbs\" class=\"rank-math-breadcrumb\"><p><span class=\"last\">Inicio<\/span><\/p><\/nav>                    <h1 class=\"with_line with_line_lg\"><span>Iluminaci\u00f3n de los jardines del Museo Rodin<\/span><\/h1>\n                <div class=\"tags_part\">\n                <span class=\"badge white\">Par\u00eds (Francia)<\/span><span class=\"badge white\">Solar<\/span>                <\/div>\n\n\n                <div class=\"row\"><div class=\"col-12 col-md-8\"><p>Con motivo de la exposici\u00f3n Les Pierres de Lucioles de Erik Samakh, se ha instalado balizamiento luminoso LED solar en los jardines del Museo Rodin de Par\u00eds.<\/p>\n<p>Las balizas solares ECO-84, equipadas con un efecto de iluminaci\u00f3n \u00abLuci\u00e9rnaga\u00bb desarrollado espec\u00edficamente para el artista, proporcionan un balizamiento po\u00e9tico y discreto que se integra perfectamente en el paisaje nocturno del jard\u00edn y respeta el sitio patrimonial.<\/p>\n<p>Caracter\u00edsticas principales:<br \/>\n&#8211; Baliza de iluminaci\u00f3n solar ECO-84<br \/>\n&#8211; Efecto de iluminaci\u00f3n: Luci\u00e9rnaga (desarrollado espec\u00edficamente para el artista)<br \/>\n&#8211; Sistema aut\u00f3nomo de balizamiento luminoso LED<\/p>\n<\/div><\/div>            <\/div>\n        <\/div>\n\n\n    <\/div>\n<\/div>\n<div class=\"container\">\n\n\n\n\n<figure data-wp-context=\"{&quot;imageId&quot;:&quot;69f0eb7286e97&quot;}\" data-wp-interactive=\"core\/image\" data-wp-key=\"69f0eb7286e97\" class=\"wp-block-image aligncenter size-large wp-lightbox-container\"><img decoding=\"async\" data-wp-class--hide=\"state.isContentHidden\" data-wp-class--show=\"state.isContentVisible\" data-wp-init=\"callbacks.setButtonStyles\" data-wp-on--click=\"actions.showLightbox\" data-wp-on--load=\"callbacks.setButtonStyles\" data-wp-on-window--resize=\"callbacks.setButtonStyles\" src=\"https:\/\/www.eco-innov.com\/wp-content\/uploads\/75_ECO-84_Musee_Rodin_Paris_Balisage_Parc_Jardin_&#xA9;Marc_Domage-95-1024x768.jpg\" alt=\"Iluminaci&#xF3;n de los jardines del Museo Rodin\" class=\"wp-image-7716\"\/><button\n\t\t\tclass=\"lightbox-trigger\"\n\t\t\ttype=\"button\"\n\t\t\taria-haspopup=\"dialog\"\n\t\t\taria-label=\"Agrandar\"\n\t\t\tdata-wp-init=\"callbacks.initTriggerButton\"\n\t\t\tdata-wp-on--click=\"actions.showLightbox\"\n\t\t\tdata-wp-style--right=\"state.imageButtonRight\"\n\t\t\tdata-wp-style--top=\"state.imageButtonTop\"\n\t\t>\n\t\t\t<svg xmlns=\"http:\/\/www.w3.org\/2000\/svg\" width=\"12\" height=\"12\" fill=\"none\" viewBox=\"0 0 12 12\">\n\t\t\t\t<path fill=\"#fff\" d=\"M2 0a2 2 0 0 0-2 2v2h1.5V2a.5.5 0 0 1 .5-.5h2V0H2Zm2 10.5H2a.5.5 0 0 1-.5-.5V8H0v2a2 2 0 0 0 2 2h2v-1.5ZM8 12v-1.5h2a.5.5 0 0 0 .5-.5V8H12v2a2 2 0 0 1-2 2H8Zm2-12a2 2 0 0 1 2 2v2h-1.5V2a.5.5 0 0 0-.5-.5H8V0h2Z\" \/>\n\t\t\t<\/svg>\n\t\t<\/button><\/figure>\n\n<p>\ud83d\udccd <em>Instalaci\u00f3n realizada en Par\u00eds (75)<\/em><br\/>\ud83d\udcf7 <em>Cr\u00e9dito de la foto: Marc Domage<\/em><\/p>\n\n<p><\/p>\n","protected":false},"featured_media":7719,"template":"","meta":{"_acf_changed":false,"inline_featured_image":false},"pdt-application":[702],"location":[788],"technologie":[735],"class_list":["post-9278","project","type-project","status-publish","has-post-thumbnail","hentry","pdt-application-parque-y-plaza-publica","location-paris-francia","technologie-solar"],"acf":[],"_links":{"self":[{"href":"https:\/\/www.eco-innov.com\/es\/wp-json\/wp\/v2\/project\/9278","targetHints":{"allow":["GET"]}}],"collection":[{"href":"https:\/\/www.eco-innov.com\/es\/wp-json\/wp\/v2\/project"}],"about":[{"href":"https:\/\/www.eco-innov.com\/es\/wp-json\/wp\/v2\/types\/project"}],"wp:featuredmedia":[{"embeddable":true,"href":"https:\/\/www.eco-innov.com\/es\/wp-json\/wp\/v2\/media\/7719"}],"wp:attachment":[{"href":"https:\/\/www.eco-innov.com\/es\/wp-json\/wp\/v2\/media?parent=9278"}],"wp:term":[{"taxonomy":"pdt-application","embeddable":true,"href":"https:\/\/www.eco-innov.com\/es\/wp-json\/wp\/v2\/pdt-application?post=9278"},{"taxonomy":"location","embeddable":true,"href":"https:\/\/www.eco-innov.com\/es\/wp-json\/wp\/v2\/location?post=9278"},{"taxonomy":"technologie","embeddable":true,"href":"https:\/\/www.eco-innov.com\/es\/wp-json\/wp\/v2\/technologie?post=9278"}],"curies":[{"name":"wp","href":"https:\/\/api.w.org\/{rel}","templated":true}]}}

Iluminación de los jardines del Museo Rodin

</div>
<div id="block-hero-block_a0c32f6aeccd83821bda484020e8a1e7" class="container-fluid header_project_part px-0  block-hero">
    <div class="container">
        <div class="row">
            <div class="col-12">
                <nav aria-label="breadcrumbs" class="rank-math-breadcrumb"><p><span class="last">Inicio</span></p></nav>                    <h1 class="with_line with_line_lg"><span>Iluminación de los jardines del Museo Rodin</span></h1>
                <div class="tags_part">
                <span class="badge white">París (Francia)</span><span class="badge white">Solar</span>                </div>


                <div class="row"><div class="col-12 col-md-8"><p>Con motivo de la exposición Les Pierres de Lucioles de Erik Samakh, se ha instalado balizamiento luminoso LED solar en los jardines del Museo Rodin de París.</p>
<p>Las balizas solares ECO-84, equipadas con un efecto de iluminación «Luciérnaga» desarrollado específicamente para el artista, proporcionan un balizamiento poético y discreto que se integra perfectamente en el paisaje nocturno del jardín y respeta el sitio patrimonial.</p>
<p>Características principales:<br />
&#8211; Baliza de iluminación solar ECO-84<br />
&#8211; Efecto de iluminación: Luciérnaga (desarrollado específicamente para el artista)<br />
&#8211; Sistema autónomo de balizamiento luminoso LED</p>
</div></div>            </div>
        </div>


    </div>
</div>
<div class="container">




<figure data-wp-context="{&quot;imageId&quot;:&quot;69f0eb7286e97&quot;}" data-wp-interactive="core/image" data-wp-key="69f0eb7286e97" class="wp-block-image aligncenter size-large wp-lightbox-container"><img decoding="async" data-wp-class--hide="state.isContentHidden" data-wp-class--show="state.isContentVisible" data-wp-init="callbacks.setButtonStyles" data-wp-on--click="actions.showLightbox" data-wp-on--load="callbacks.setButtonStyles" data-wp-on-window--resize="callbacks.setButtonStyles" src="https://www.eco-innov.com/wp-content/uploads/75_ECO-84_Musee_Rodin_Paris_Balisage_Parc_Jardin_&#xA9;Marc_Domage-95-1024x768.jpg" alt="Iluminaci&#xF3;n de los jardines del Museo Rodin" class="wp-image-7716"/><button
			class="lightbox-trigger"
			type="button"
			aria-haspopup="dialog"
			aria-label="Agrandar"
			data-wp-init="callbacks.initTriggerButton"
			data-wp-on--click="actions.showLightbox"
			data-wp-style--right="state.imageButtonRight"
			data-wp-style--top="state.imageButtonTop"
		>
			<svg xmlns="http://www.w3.org/2000/svg" width="12" height="12" fill="none" viewBox="0 0 12 12">
				<path fill="#fff" d="M2 0a2 2 0 0 0-2 2v2h1.5V2a.5.5 0 0 1 .5-.5h2V0H2Zm2 10.5H2a.5.5 0 0 1-.5-.5V8H0v2a2 2 0 0 0 2 2h2v-1.5ZM8 12v-1.5h2a.5.5 0 0 0 .5-.5V8H12v2a2 2 0 0 1-2 2H8Zm2-12a2 2 0 0 1 2 2v2h-1.5V2a.5.5 0 0 0-.5-.5H8V0h2Z" />
			</svg>
		</button></figure>

<p>📍 <em>Instalación realizada en París (75)</em><br/>📷 <em>Crédito de la foto: Marc Domage</em></p>

<p></p>
