{"id":9266,"date":"2026-03-26T17:24:46","date_gmt":"2026-03-26T16:24:46","guid":{"rendered":"https:\/\/www.eco-innov.com\/project\/balizamiento-luminoso-de-un-carril-bici\/"},"modified":"2026-04-20T11:03:35","modified_gmt":"2026-04-20T09:03:35","slug":"balizamiento-luminoso-de-un-carril-bici","status":"publish","type":"project","link":"https:\/\/www.eco-innov.com\/es\/proyecto\/balizamiento-luminoso-de-un-carril-bici\/","title":{"rendered":"Balizamiento luminoso de un carril bici"},"content":{"rendered":"<\/div>\n<div id=\"block-hero-block_45bf0c88b07763b6fe6002350b19add5\" class=\"container-fluid header_project_part px-0  block-hero\">\n    <div class=\"container\">\n        <div class=\"row\">\n            <div class=\"col-12\">\n                <nav aria-label=\"breadcrumbs\" class=\"rank-math-breadcrumb\"><p><span class=\"last\">Inicio<\/span><\/p><\/nav>                    <h1 class=\"with_line with_line_lg\"><span>Balizamiento luminoso de un carril bici<\/span><\/h1>\n                <div class=\"tags_part\">\n                <span class=\"badge white\">Raon-l&#8217;\u00c9tape (Francia)<\/span><span class=\"badge white\">Solar<\/span>                <\/div>\n\n\n                <div class=\"row\"><div class=\"col-12 col-md-8\"><p>Se ha instalado balizamiento luminoso LED solar para proporcionar una delimitaci\u00f3n visual entre el carril bici y el paso peatonal, mejorando la legibilidad de los caminos y la seguridad de los usuarios.<\/p>\n<p>La soluci\u00f3n se basa en los balizamientos solares empotrados ECO-143, que emiten una luz blanca fija y rasante en ambas direcciones, perfectamente adaptada a las instalaciones ciclistas.<\/p>\n<p>Caracter\u00edsticas principales:<br \/>\n&#8211; Balizamiento solar empotrado ECO-143<br \/>\n&#8211; Modo de iluminaci\u00f3n: fijo<br \/>\n&#8211; Color del LED: blanco fr\u00edo<br \/>\n&#8211; Luz rasante en ambas direcciones (1 LED por lado)<\/p>\n<\/div><\/div>            <\/div>\n        <\/div>\n\n\n    <\/div>\n<\/div>\n<div class=\"container\">\n\n\n\n\n<figure data-wp-context=\"{&quot;imageId&quot;:&quot;69f0d6440906a&quot;}\" data-wp-interactive=\"core\/image\" data-wp-key=\"69f0d6440906a\" class=\"wp-block-image aligncenter size-large wp-lightbox-container\"><img decoding=\"async\" data-wp-class--hide=\"state.isContentHidden\" data-wp-class--show=\"state.isContentVisible\" data-wp-init=\"callbacks.setButtonStyles\" data-wp-on--click=\"actions.showLightbox\" data-wp-on--load=\"callbacks.setButtonStyles\" data-wp-on-window--resize=\"callbacks.setButtonStyles\" src=\"https:\/\/www.eco-innov.com\/wp-content\/uploads\/88_ECO-143_Raon-l_Etape_Balisage_Promenade_pietonne_sur_berge_&#xA9;Michel_Denance-1-1024x626.webp\" alt=\"\" class=\"wp-image-8258\"\/><button\n\t\t\tclass=\"lightbox-trigger\"\n\t\t\ttype=\"button\"\n\t\t\taria-haspopup=\"dialog\"\n\t\t\taria-label=\"Agrandar\"\n\t\t\tdata-wp-init=\"callbacks.initTriggerButton\"\n\t\t\tdata-wp-on--click=\"actions.showLightbox\"\n\t\t\tdata-wp-style--right=\"state.imageButtonRight\"\n\t\t\tdata-wp-style--top=\"state.imageButtonTop\"\n\t\t>\n\t\t\t<svg xmlns=\"http:\/\/www.w3.org\/2000\/svg\" width=\"12\" height=\"12\" fill=\"none\" viewBox=\"0 0 12 12\">\n\t\t\t\t<path fill=\"#fff\" d=\"M2 0a2 2 0 0 0-2 2v2h1.5V2a.5.5 0 0 1 .5-.5h2V0H2Zm2 10.5H2a.5.5 0 0 1-.5-.5V8H0v2a2 2 0 0 0 2 2h2v-1.5ZM8 12v-1.5h2a.5.5 0 0 0 .5-.5V8H12v2a2 2 0 0 1-2 2H8Zm2-12a2 2 0 0 1 2 2v2h-1.5V2a.5.5 0 0 0-.5-.5H8V0h2Z\" \/>\n\t\t\t<\/svg>\n\t\t<\/button><\/figure>\n\n<p>\ud83d\udccd <em>Instalaci\u00f3n en Raon-l&#8217;\u00c9tape (88)<\/em><br\/>\ud83d\udcf7 <em>Cr\u00e9ditos fotogr\u00e1ficos: Atelier Cit\u00e9 Architecture (jour) &#8211; Michel Denanc\u00e9<br\/>Dise\u00f1o de iluminaci\u00f3n: Sc\u00e8ne Publique &#8211; Agathe Argod, asistida por Flore Siesling<\/em><\/p>\n","protected":false},"featured_media":8261,"template":"","meta":{"_acf_changed":false,"inline_featured_image":false},"pdt-application":[702,694],"location":[774],"technologie":[735],"class_list":["post-9266","project","type-project","status-publish","has-post-thumbnail","hentry","pdt-application-parque-y-plaza-publica","pdt-application-carril-bici","location-raon-letape-francia","technologie-solar"],"acf":[],"_links":{"self":[{"href":"https:\/\/www.eco-innov.com\/es\/wp-json\/wp\/v2\/project\/9266","targetHints":{"allow":["GET"]}}],"collection":[{"href":"https:\/\/www.eco-innov.com\/es\/wp-json\/wp\/v2\/project"}],"about":[{"href":"https:\/\/www.eco-innov.com\/es\/wp-json\/wp\/v2\/types\/project"}],"wp:featuredmedia":[{"embeddable":true,"href":"https:\/\/www.eco-innov.com\/es\/wp-json\/wp\/v2\/media\/8261"}],"wp:attachment":[{"href":"https:\/\/www.eco-innov.com\/es\/wp-json\/wp\/v2\/media?parent=9266"}],"wp:term":[{"taxonomy":"pdt-application","embeddable":true,"href":"https:\/\/www.eco-innov.com\/es\/wp-json\/wp\/v2\/pdt-application?post=9266"},{"taxonomy":"location","embeddable":true,"href":"https:\/\/www.eco-innov.com\/es\/wp-json\/wp\/v2\/location?post=9266"},{"taxonomy":"technologie","embeddable":true,"href":"https:\/\/www.eco-innov.com\/es\/wp-json\/wp\/v2\/technologie?post=9266"}],"curies":[{"name":"wp","href":"https:\/\/api.w.org\/{rel}","templated":true}]}}

</div>
<div id="block-hero-block_45bf0c88b07763b6fe6002350b19add5" class="container-fluid header_project_part px-0  block-hero">
    <div class="container">
        <div class="row">
            <div class="col-12">
                <nav aria-label="breadcrumbs" class="rank-math-breadcrumb"><p><span class="last">Inicio</span></p></nav>                    <h1 class="with_line with_line_lg"><span>Balizamiento luminoso de un carril bici</span></h1>
                <div class="tags_part">
                <span class="badge white">Raon-l&#8217;Étape (Francia)</span><span class="badge white">Solar</span>                </div>


                <div class="row"><div class="col-12 col-md-8"><p>Se ha instalado balizamiento luminoso LED solar para proporcionar una delimitación visual entre el carril bici y el paso peatonal, mejorando la legibilidad de los caminos y la seguridad de los usuarios.</p>
<p>La solución se basa en los balizamientos solares empotrados ECO-143, que emiten una luz blanca fija y rasante en ambas direcciones, perfectamente adaptada a las instalaciones ciclistas.</p>
<p>Características principales:<br />
&#8211; Balizamiento solar empotrado ECO-143<br />
&#8211; Modo de iluminación: fijo<br />
&#8211; Color del LED: blanco frío<br />
&#8211; Luz rasante en ambas direcciones (1 LED por lado)</p>
</div></div>            </div>
        </div>


    </div>
</div>
<div class="container">




<figure data-wp-context="{&quot;imageId&quot;:&quot;69f0d6440906a&quot;}" data-wp-interactive="core/image" data-wp-key="69f0d6440906a" class="wp-block-image aligncenter size-large wp-lightbox-container"><img decoding="async" data-wp-class--hide="state.isContentHidden" data-wp-class--show="state.isContentVisible" data-wp-init="callbacks.setButtonStyles" data-wp-on--click="actions.showLightbox" data-wp-on--load="callbacks.setButtonStyles" data-wp-on-window--resize="callbacks.setButtonStyles" src="https://www.eco-innov.com/wp-content/uploads/88_ECO-143_Raon-l_Etape_Balisage_Promenade_pietonne_sur_berge_&#xA9;Michel_Denance-1-1024x626.webp" alt="" class="wp-image-8258"/><button
			class="lightbox-trigger"
			type="button"
			aria-haspopup="dialog"
			aria-label="Agrandar"
			data-wp-init="callbacks.initTriggerButton"
			data-wp-on--click="actions.showLightbox"
			data-wp-style--right="state.imageButtonRight"
			data-wp-style--top="state.imageButtonTop"
		>
			<svg xmlns="http://www.w3.org/2000/svg" width="12" height="12" fill="none" viewBox="0 0 12 12">
				<path fill="#fff" d="M2 0a2 2 0 0 0-2 2v2h1.5V2a.5.5 0 0 1 .5-.5h2V0H2Zm2 10.5H2a.5.5 0 0 1-.5-.5V8H0v2a2 2 0 0 0 2 2h2v-1.5ZM8 12v-1.5h2a.5.5 0 0 0 .5-.5V8H12v2a2 2 0 0 1-2 2H8Zm2-12a2 2 0 0 1 2 2v2h-1.5V2a.5.5 0 0 0-.5-.5H8V0h2Z" />
			</svg>
		</button></figure>

<p>📍 <em>Instalación en Raon-l&#8217;Étape (88)</em><br/>📷 <em>Créditos fotográficos: Atelier Cité Architecture (jour) &#8211; Michel Denancé<br/>Diseño de iluminación: Scène Publique &#8211; Agathe Argod, asistida por Flore Siesling</em></p>
