{"id":9255,"date":"2026-03-26T17:24:46","date_gmt":"2026-03-26T16:24:46","guid":{"rendered":"https:\/\/www.eco-innov.com\/project\/en-caso-de-duda-obra-de-arte-horizonte-6\/"},"modified":"2026-04-23T17:43:04","modified_gmt":"2026-04-23T15:43:04","slug":"en-caso-de-duda-obra-de-arte-horizon-6","status":"publish","type":"project","link":"https:\/\/www.eco-innov.com\/es\/proyecto\/en-caso-de-duda-obra-de-arte-horizon-6\/","title":{"rendered":"\u00abEn caso de duda\u00bb, obra de arte Horizon 6"},"content":{"rendered":"<\/div>\n<div id=\"block-hero-block_fd5fa96df02ac1e7fd6c4a895679ffdf\" class=\"container-fluid header_project_part px-0  block-hero\">\n    <div class=\"container\">\n        <div class=\"row\">\n            <div class=\"col-12\">\n                <nav aria-label=\"breadcrumbs\" class=\"rank-math-breadcrumb\"><p><span class=\"last\">Inicio<\/span><\/p><\/nav>                    <h1 class=\"with_line with_line_lg\"><span>\u00abEn caso de duda\u00bb, obra de arte Horizon 6 <\/span><\/h1>\n                <div class=\"tags_part\">\n                <span class=\"badge white\">Ivry-sur-Seine (Francia)<\/span><span class=\"badge white\">Solar<\/span>                <\/div>\n\n\n                <div class=\"row\"><div class=\"col-12 col-md-8\"><p>En el municipio de Ivry-sur-Seine, el proyecto \u00abEn cas de doute, horizon 6\u00bb, ideado por la artista Mirela Popa, ofrece una interpretaci\u00f3n sensible y po\u00e9tica de la zona a trav\u00e9s de una discreta instalaci\u00f3n luminosa.<\/p>\n<p>La obra adopta la forma de una franja luminosa solar, que sigue la l\u00ednea de un recinto arqueol\u00f3gico correspondiente a los restos de casas neol\u00edticas. Las balizas de iluminaci\u00f3n, inspiradas en fragmentos de cer\u00e1mica, punt\u00faan el recorrido como hitos abiertos a la interpretaci\u00f3n, revelando la memoria del yacimiento sin congelarla. <\/p>\n<p>Concebida como una obra de arte viva, visible principalmente de noche, la instalaci\u00f3n evoluciona con los ciclos naturales y los usos del lugar.<br \/>\nLas soluciones solares aplicadas, aut\u00f3nomas y no conectadas a la red el\u00e9ctrica, garantizan una intervenci\u00f3n de bajo consumo energ\u00e9tico, reversible y respetuosa con el medio ambiente, en perfecta armon\u00eda con el planteamiento art\u00edstico.<\/p>\n<p>Caracter\u00edsticas principales:<br \/>\n&#8211; Adoqu\u00edn LED solar a medida<\/p>\n<\/div><\/div>            <\/div>\n        <\/div>\n\n\n    <\/div>\n<\/div>\n<div class=\"container\">\n\n\n\n\n\n\n<figure data-wp-context=\"{&quot;imageId&quot;:&quot;69f0d6444de95&quot;}\" data-wp-interactive=\"core\/image\" data-wp-key=\"69f0d6444de95\" class=\"wp-block-image aligncenter size-large wp-lightbox-container\"><img decoding=\"async\" width=\"1024\" height=\"683\" data-wp-class--hide=\"state.isContentHidden\" data-wp-class--show=\"state.isContentVisible\" data-wp-init=\"callbacks.setButtonStyles\" data-wp-on--click=\"actions.showLightbox\" data-wp-on--load=\"callbacks.setButtonStyles\" data-wp-on-window--resize=\"callbacks.setButtonStyles\" src=\"https:\/\/www.eco-innov.com\/wp-content\/uploads\/94_Paves_solaires_avec_pot_inox_Cheminee_Industrielle_Mirela_Popa_\u00a9Mirela-Popa-Galerie-Fernand-Leger-Ville-dIvry-sur-Seine8-1024x683.webp\" alt=\"\" class=\"wp-image-8054\" srcset=\"https:\/\/www.eco-innov.com\/wp-content\/uploads\/94_Paves_solaires_avec_pot_inox_Cheminee_Industrielle_Mirela_Popa_\u00a9Mirela-Popa-Galerie-Fernand-Leger-Ville-dIvry-sur-Seine8-1024x683.webp 1024w, https:\/\/www.eco-innov.com\/wp-content\/uploads\/94_Paves_solaires_avec_pot_inox_Cheminee_Industrielle_Mirela_Popa_\u00a9Mirela-Popa-Galerie-Fernand-Leger-Ville-dIvry-sur-Seine8-680x453.webp 680w, https:\/\/www.eco-innov.com\/wp-content\/uploads\/94_Paves_solaires_avec_pot_inox_Cheminee_Industrielle_Mirela_Popa_\u00a9Mirela-Popa-Galerie-Fernand-Leger-Ville-dIvry-sur-Seine8-768x512.webp 768w, https:\/\/www.eco-innov.com\/wp-content\/uploads\/94_Paves_solaires_avec_pot_inox_Cheminee_Industrielle_Mirela_Popa_\u00a9Mirela-Popa-Galerie-Fernand-Leger-Ville-dIvry-sur-Seine8-1536x1024.webp 1536w, https:\/\/www.eco-innov.com\/wp-content\/uploads\/94_Paves_solaires_avec_pot_inox_Cheminee_Industrielle_Mirela_Popa_\u00a9Mirela-Popa-Galerie-Fernand-Leger-Ville-dIvry-sur-Seine8-2048x1365.webp 2048w, https:\/\/www.eco-innov.com\/wp-content\/uploads\/94_Paves_solaires_avec_pot_inox_Cheminee_Industrielle_Mirela_Popa_\u00a9Mirela-Popa-Galerie-Fernand-Leger-Ville-dIvry-sur-Seine8-1900x1267.webp 1900w, https:\/\/www.eco-innov.com\/wp-content\/uploads\/94_Paves_solaires_avec_pot_inox_Cheminee_Industrielle_Mirela_Popa_\u00a9Mirela-Popa-Galerie-Fernand-Leger-Ville-dIvry-sur-Seine8-1320x880.webp 1320w, https:\/\/www.eco-innov.com\/wp-content\/uploads\/94_Paves_solaires_avec_pot_inox_Cheminee_Industrielle_Mirela_Popa_\u00a9Mirela-Popa-Galerie-Fernand-Leger-Ville-dIvry-sur-Seine8-990x660.webp 990w, https:\/\/www.eco-innov.com\/wp-content\/uploads\/94_Paves_solaires_avec_pot_inox_Cheminee_Industrielle_Mirela_Popa_\u00a9Mirela-Popa-Galerie-Fernand-Leger-Ville-dIvry-sur-Seine8-660x440.webp 660w, https:\/\/www.eco-innov.com\/wp-content\/uploads\/94_Paves_solaires_avec_pot_inox_Cheminee_Industrielle_Mirela_Popa_\u00a9Mirela-Popa-Galerie-Fernand-Leger-Ville-dIvry-sur-Seine8-450x300.webp 450w, https:\/\/www.eco-innov.com\/wp-content\/uploads\/94_Paves_solaires_avec_pot_inox_Cheminee_Industrielle_Mirela_Popa_\u00a9Mirela-Popa-Galerie-Fernand-Leger-Ville-dIvry-sur-Seine8-330x220.webp 330w, https:\/\/www.eco-innov.com\/wp-content\/uploads\/94_Paves_solaires_avec_pot_inox_Cheminee_Industrielle_Mirela_Popa_\u00a9Mirela-Popa-Galerie-Fernand-Leger-Ville-dIvry-sur-Seine8-400x267.webp 400w, https:\/\/www.eco-innov.com\/wp-content\/uploads\/94_Paves_solaires_avec_pot_inox_Cheminee_Industrielle_Mirela_Popa_\u00a9Mirela-Popa-Galerie-Fernand-Leger-Ville-dIvry-sur-Seine8-365x243.webp 365w, https:\/\/www.eco-innov.com\/wp-content\/uploads\/94_Paves_solaires_avec_pot_inox_Cheminee_Industrielle_Mirela_Popa_\u00a9Mirela-Popa-Galerie-Fernand-Leger-Ville-dIvry-sur-Seine8-535x357.webp 535w\" sizes=\"(max-width: 1024px) 100vw, 1024px\" \/><button\n\t\t\tclass=\"lightbox-trigger\"\n\t\t\ttype=\"button\"\n\t\t\taria-haspopup=\"dialog\"\n\t\t\taria-label=\"Agrandar\"\n\t\t\tdata-wp-init=\"callbacks.initTriggerButton\"\n\t\t\tdata-wp-on--click=\"actions.showLightbox\"\n\t\t\tdata-wp-style--right=\"state.imageButtonRight\"\n\t\t\tdata-wp-style--top=\"state.imageButtonTop\"\n\t\t>\n\t\t\t<svg xmlns=\"http:\/\/www.w3.org\/2000\/svg\" width=\"12\" height=\"12\" fill=\"none\" viewBox=\"0 0 12 12\">\n\t\t\t\t<path fill=\"#fff\" d=\"M2 0a2 2 0 0 0-2 2v2h1.5V2a.5.5 0 0 1 .5-.5h2V0H2Zm2 10.5H2a.5.5 0 0 1-.5-.5V8H0v2a2 2 0 0 0 2 2h2v-1.5ZM8 12v-1.5h2a.5.5 0 0 0 .5-.5V8H12v2a2 2 0 0 1-2 2H8Zm2-12a2 2 0 0 1 2 2v2h-1.5V2a.5.5 0 0 0-.5-.5H8V0h2Z\" \/>\n\t\t\t<\/svg>\n\t\t<\/button><\/figure>\n\n\n\n<p>\ud83d\udccd <em>Instalaci\u00f3n realizada en Ivry-sur-Seine (94)<\/em><\/p>\n","protected":false},"featured_media":8057,"template":"","meta":{"_acf_changed":true,"inline_featured_image":false},"pdt-application":[722],"location":[764],"technologie":[735],"class_list":["post-9255","project","type-project","status-publish","has-post-thumbnail","hentry","pdt-application-poligono-industrial","location-ivry-sur-seine-francia","technologie-solar"],"acf":[],"_links":{"self":[{"href":"https:\/\/www.eco-innov.com\/es\/wp-json\/wp\/v2\/project\/9255","targetHints":{"allow":["GET"]}}],"collection":[{"href":"https:\/\/www.eco-innov.com\/es\/wp-json\/wp\/v2\/project"}],"about":[{"href":"https:\/\/www.eco-innov.com\/es\/wp-json\/wp\/v2\/types\/project"}],"wp:featuredmedia":[{"embeddable":true,"href":"https:\/\/www.eco-innov.com\/es\/wp-json\/wp\/v2\/media\/8057"}],"wp:attachment":[{"href":"https:\/\/www.eco-innov.com\/es\/wp-json\/wp\/v2\/media?parent=9255"}],"wp:term":[{"taxonomy":"pdt-application","embeddable":true,"href":"https:\/\/www.eco-innov.com\/es\/wp-json\/wp\/v2\/pdt-application?post=9255"},{"taxonomy":"location","embeddable":true,"href":"https:\/\/www.eco-innov.com\/es\/wp-json\/wp\/v2\/location?post=9255"},{"taxonomy":"technologie","embeddable":true,"href":"https:\/\/www.eco-innov.com\/es\/wp-json\/wp\/v2\/technologie?post=9255"}],"curies":[{"name":"wp","href":"https:\/\/api.w.org\/{rel}","templated":true}]}}

</div>
<div id="block-hero-block_fd5fa96df02ac1e7fd6c4a895679ffdf" class="container-fluid header_project_part px-0  block-hero">
    <div class="container">
        <div class="row">
            <div class="col-12">
                <nav aria-label="breadcrumbs" class="rank-math-breadcrumb"><p><span class="last">Inicio</span></p></nav>                    <h1 class="with_line with_line_lg"><span>«En caso de duda», obra de arte Horizon 6 </span></h1>
                <div class="tags_part">
                <span class="badge white">Ivry-sur-Seine (Francia)</span><span class="badge white">Solar</span>                </div>


                <div class="row"><div class="col-12 col-md-8"><p>En el municipio de Ivry-sur-Seine, el proyecto «En cas de doute, horizon 6», ideado por la artista Mirela Popa, ofrece una interpretación sensible y poética de la zona a través de una discreta instalación luminosa.</p>
<p>La obra adopta la forma de una franja luminosa solar, que sigue la línea de un recinto arqueológico correspondiente a los restos de casas neolíticas. Las balizas de iluminación, inspiradas en fragmentos de cerámica, puntúan el recorrido como hitos abiertos a la interpretación, revelando la memoria del yacimiento sin congelarla. </p>
<p>Concebida como una obra de arte viva, visible principalmente de noche, la instalación evoluciona con los ciclos naturales y los usos del lugar.<br />
Las soluciones solares aplicadas, autónomas y no conectadas a la red eléctrica, garantizan una intervención de bajo consumo energético, reversible y respetuosa con el medio ambiente, en perfecta armonía con el planteamiento artístico.</p>
<p>Características principales:<br />
&#8211; Adoquín LED solar a medida</p>
</div></div>            </div>
        </div>


    </div>
</div>
<div class="container">






<figure data-wp-context="{&quot;imageId&quot;:&quot;69f0d6444de95&quot;}" data-wp-interactive="core/image" data-wp-key="69f0d6444de95" class="wp-block-image aligncenter size-large wp-lightbox-container"><img decoding="async" width="1024" height="683" data-wp-class--hide="state.isContentHidden" data-wp-class--show="state.isContentVisible" data-wp-init="callbacks.setButtonStyles" data-wp-on--click="actions.showLightbox" data-wp-on--load="callbacks.setButtonStyles" data-wp-on-window--resize="callbacks.setButtonStyles" src="https://www.eco-innov.com/wp-content/uploads/94_Paves_solaires_avec_pot_inox_Cheminee_Industrielle_Mirela_Popa_©Mirela-Popa-Galerie-Fernand-Leger-Ville-dIvry-sur-Seine8-1024x683.webp" alt="" class="wp-image-8054" srcset="https://www.eco-innov.com/wp-content/uploads/94_Paves_solaires_avec_pot_inox_Cheminee_Industrielle_Mirela_Popa_©Mirela-Popa-Galerie-Fernand-Leger-Ville-dIvry-sur-Seine8-1024x683.webp 1024w, https://www.eco-innov.com/wp-content/uploads/94_Paves_solaires_avec_pot_inox_Cheminee_Industrielle_Mirela_Popa_©Mirela-Popa-Galerie-Fernand-Leger-Ville-dIvry-sur-Seine8-680x453.webp 680w, https://www.eco-innov.com/wp-content/uploads/94_Paves_solaires_avec_pot_inox_Cheminee_Industrielle_Mirela_Popa_©Mirela-Popa-Galerie-Fernand-Leger-Ville-dIvry-sur-Seine8-768x512.webp 768w, https://www.eco-innov.com/wp-content/uploads/94_Paves_solaires_avec_pot_inox_Cheminee_Industrielle_Mirela_Popa_©Mirela-Popa-Galerie-Fernand-Leger-Ville-dIvry-sur-Seine8-1536x1024.webp 1536w, https://www.eco-innov.com/wp-content/uploads/94_Paves_solaires_avec_pot_inox_Cheminee_Industrielle_Mirela_Popa_©Mirela-Popa-Galerie-Fernand-Leger-Ville-dIvry-sur-Seine8-2048x1365.webp 2048w, https://www.eco-innov.com/wp-content/uploads/94_Paves_solaires_avec_pot_inox_Cheminee_Industrielle_Mirela_Popa_©Mirela-Popa-Galerie-Fernand-Leger-Ville-dIvry-sur-Seine8-1900x1267.webp 1900w, https://www.eco-innov.com/wp-content/uploads/94_Paves_solaires_avec_pot_inox_Cheminee_Industrielle_Mirela_Popa_©Mirela-Popa-Galerie-Fernand-Leger-Ville-dIvry-sur-Seine8-1320x880.webp 1320w, https://www.eco-innov.com/wp-content/uploads/94_Paves_solaires_avec_pot_inox_Cheminee_Industrielle_Mirela_Popa_©Mirela-Popa-Galerie-Fernand-Leger-Ville-dIvry-sur-Seine8-990x660.webp 990w, https://www.eco-innov.com/wp-content/uploads/94_Paves_solaires_avec_pot_inox_Cheminee_Industrielle_Mirela_Popa_©Mirela-Popa-Galerie-Fernand-Leger-Ville-dIvry-sur-Seine8-660x440.webp 660w, https://www.eco-innov.com/wp-content/uploads/94_Paves_solaires_avec_pot_inox_Cheminee_Industrielle_Mirela_Popa_©Mirela-Popa-Galerie-Fernand-Leger-Ville-dIvry-sur-Seine8-450x300.webp 450w, https://www.eco-innov.com/wp-content/uploads/94_Paves_solaires_avec_pot_inox_Cheminee_Industrielle_Mirela_Popa_©Mirela-Popa-Galerie-Fernand-Leger-Ville-dIvry-sur-Seine8-330x220.webp 330w, https://www.eco-innov.com/wp-content/uploads/94_Paves_solaires_avec_pot_inox_Cheminee_Industrielle_Mirela_Popa_©Mirela-Popa-Galerie-Fernand-Leger-Ville-dIvry-sur-Seine8-400x267.webp 400w, https://www.eco-innov.com/wp-content/uploads/94_Paves_solaires_avec_pot_inox_Cheminee_Industrielle_Mirela_Popa_©Mirela-Popa-Galerie-Fernand-Leger-Ville-dIvry-sur-Seine8-365x243.webp 365w, https://www.eco-innov.com/wp-content/uploads/94_Paves_solaires_avec_pot_inox_Cheminee_Industrielle_Mirela_Popa_©Mirela-Popa-Galerie-Fernand-Leger-Ville-dIvry-sur-Seine8-535x357.webp 535w" sizes="(max-width: 1024px) 100vw, 1024px" /><button
			class="lightbox-trigger"
			type="button"
			aria-haspopup="dialog"
			aria-label="Agrandar"
			data-wp-init="callbacks.initTriggerButton"
			data-wp-on--click="actions.showLightbox"
			data-wp-style--right="state.imageButtonRight"
			data-wp-style--top="state.imageButtonTop"
		>
			<svg xmlns="http://www.w3.org/2000/svg" width="12" height="12" fill="none" viewBox="0 0 12 12">
				<path fill="#fff" d="M2 0a2 2 0 0 0-2 2v2h1.5V2a.5.5 0 0 1 .5-.5h2V0H2Zm2 10.5H2a.5.5 0 0 1-.5-.5V8H0v2a2 2 0 0 0 2 2h2v-1.5ZM8 12v-1.5h2a.5.5 0 0 0 .5-.5V8H12v2a2 2 0 0 1-2 2H8Zm2-12a2 2 0 0 1 2 2v2h-1.5V2a.5.5 0 0 0-.5-.5H8V0h2Z" />
			</svg>
		</button></figure>



<p>📍 <em>Instalación realizada en Ivry-sur-Seine (94)</em></p>
