{"id":9245,"date":"2026-03-26T17:24:45","date_gmt":"2026-03-26T16:24:45","guid":{"rendered":"https:\/\/www.eco-innov.com\/project\/balizamiento-luminoso-solar-en-un-jardin-publico-escultura-paisajistica\/"},"modified":"2026-04-20T11:03:24","modified_gmt":"2026-04-20T09:03:24","slug":"balizamiento-luminoso-solar-en-un-jardin-publico-escultura-paisajistica","status":"publish","type":"project","link":"https:\/\/www.eco-innov.com\/es\/proyecto\/balizamiento-luminoso-solar-en-un-jardin-publico-escultura-paisajistica\/","title":{"rendered":"Balizamiento luminoso solar en un jard\u00edn p\u00fablico &#8211; Escultura paisaj\u00edstica"},"content":{"rendered":"<\/div>\n<div id=\"block-hero-block_9c77da9e95970684bee1418d7db71d26\" class=\"container-fluid header_project_part px-0  block-hero\">\n    <div class=\"container\">\n        <div class=\"row\">\n            <div class=\"col-12\">\n                <nav aria-label=\"breadcrumbs\" class=\"rank-math-breadcrumb\"><p><span class=\"last\">Inicio<\/span><\/p><\/nav>                    <h1 class=\"with_line with_line_lg\"><span>Balizamiento luminoso solar en un jard\u00edn p\u00fablico &#8211; Escultura paisaj\u00edstica<\/span><\/h1>\n                <div class=\"tags_part\">\n                <span class=\"badge white\">Meyrin (Suiza)<\/span><span class=\"badge white\">Solar<\/span>                <\/div>\n\n\n                <div class=\"row\"><div class=\"col-12 col-md-8\"><p>Como parte de una planificaci\u00f3n art\u00edstica en un espacio p\u00fablico, el balizamiento luminoso LED solar acompa\u00f1ar\u00e1 a la escultura paisaj\u00edstica L&#8217;enfance du pli, de Gilles Brusset, que forma parte del fondo de arte contempor\u00e1neo de la ciudad de Meyrin.<\/p>\n<p>Los balizamientos solares empotrables ECO-120, equipados con LED azules, proporcionan una discreta y po\u00e9tica gu\u00eda luminosa, realzando la obra y su medio ambiente paisaj\u00edstico sin necesidad de conexi\u00f3n el\u00e9ctrica.<\/p>\n<p>Caracter\u00edsticas principales:<br \/>\n&#8211; Balizamiento luminoso solar empotrable ECO-120<br \/>\n&#8211; Color de los LED: azul<br \/>\n&#8211; Balizamiento aut\u00f3nomo, sin consumo de red el\u00e9ctrica<\/p>\n<\/div><\/div>            <\/div>\n        <\/div>\n\n\n    <\/div>\n<\/div>\n<div class=\"container\">\n\n\n\n\n<figure data-wp-context=\"{&quot;imageId&quot;:&quot;69f0eb744fe43&quot;}\" data-wp-interactive=\"core\/image\" data-wp-key=\"69f0eb744fe43\" class=\"wp-block-image aligncenter size-large wp-lightbox-container\"><img decoding=\"async\" data-wp-class--hide=\"state.isContentHidden\" data-wp-class--show=\"state.isContentVisible\" data-wp-init=\"callbacks.setButtonStyles\" data-wp-on--click=\"actions.showLightbox\" data-wp-on--load=\"callbacks.setButtonStyles\" data-wp-on-window--resize=\"callbacks.setButtonStyles\" src=\"https:\/\/www.eco-innov.com\/wp-content\/uploads\/SUISSE_ECO-120_Meyrin_Balisage_Jardin_public_&#xA9;Pierre-Yves_Brunaud-4-1024x683.jpg\" alt=\"Balizamiento luminoso solar en un jard&#xED;n p&#xFA;blico - Escultura paisaj&#xED;stica\" class=\"wp-image-7711\"\/><button\n\t\t\tclass=\"lightbox-trigger\"\n\t\t\ttype=\"button\"\n\t\t\taria-haspopup=\"dialog\"\n\t\t\taria-label=\"Agrandar\"\n\t\t\tdata-wp-init=\"callbacks.initTriggerButton\"\n\t\t\tdata-wp-on--click=\"actions.showLightbox\"\n\t\t\tdata-wp-style--right=\"state.imageButtonRight\"\n\t\t\tdata-wp-style--top=\"state.imageButtonTop\"\n\t\t>\n\t\t\t<svg xmlns=\"http:\/\/www.w3.org\/2000\/svg\" width=\"12\" height=\"12\" fill=\"none\" viewBox=\"0 0 12 12\">\n\t\t\t\t<path fill=\"#fff\" d=\"M2 0a2 2 0 0 0-2 2v2h1.5V2a.5.5 0 0 1 .5-.5h2V0H2Zm2 10.5H2a.5.5 0 0 1-.5-.5V8H0v2a2 2 0 0 0 2 2h2v-1.5ZM8 12v-1.5h2a.5.5 0 0 0 .5-.5V8H12v2a2 2 0 0 1-2 2H8Zm2-12a2 2 0 0 1 2 2v2h-1.5V2a.5.5 0 0 0-.5-.5H8V0h2Z\" \/>\n\t\t\t<\/svg>\n\t\t<\/button><\/figure>\n\n<p>\ud83d\udccd <em>Instalaci\u00f3n realizada en Meyrin (Suiza)<\/em><br\/>\ud83d\udcf7 <em>Cr\u00e9dito de la foto: Pierre-Yves Brunaud<\/em><\/p>\n","protected":false},"featured_media":7714,"template":"","meta":{"_acf_changed":false,"inline_featured_image":false},"pdt-application":[702],"location":[757],"technologie":[735],"class_list":["post-9245","project","type-project","status-publish","has-post-thumbnail","hentry","pdt-application-parque-y-plaza-publica","location-meyrin-suiza","technologie-solar"],"acf":[],"_links":{"self":[{"href":"https:\/\/www.eco-innov.com\/es\/wp-json\/wp\/v2\/project\/9245","targetHints":{"allow":["GET"]}}],"collection":[{"href":"https:\/\/www.eco-innov.com\/es\/wp-json\/wp\/v2\/project"}],"about":[{"href":"https:\/\/www.eco-innov.com\/es\/wp-json\/wp\/v2\/types\/project"}],"wp:featuredmedia":[{"embeddable":true,"href":"https:\/\/www.eco-innov.com\/es\/wp-json\/wp\/v2\/media\/7714"}],"wp:attachment":[{"href":"https:\/\/www.eco-innov.com\/es\/wp-json\/wp\/v2\/media?parent=9245"}],"wp:term":[{"taxonomy":"pdt-application","embeddable":true,"href":"https:\/\/www.eco-innov.com\/es\/wp-json\/wp\/v2\/pdt-application?post=9245"},{"taxonomy":"location","embeddable":true,"href":"https:\/\/www.eco-innov.com\/es\/wp-json\/wp\/v2\/location?post=9245"},{"taxonomy":"technologie","embeddable":true,"href":"https:\/\/www.eco-innov.com\/es\/wp-json\/wp\/v2\/technologie?post=9245"}],"curies":[{"name":"wp","href":"https:\/\/api.w.org\/{rel}","templated":true}]}}

Balizamiento luminoso solar en un jardín público &#8211; Escultura paisajística

</div>
<div id="block-hero-block_9c77da9e95970684bee1418d7db71d26" class="container-fluid header_project_part px-0  block-hero">
    <div class="container">
        <div class="row">
            <div class="col-12">
                <nav aria-label="breadcrumbs" class="rank-math-breadcrumb"><p><span class="last">Inicio</span></p></nav>                    <h1 class="with_line with_line_lg"><span>Balizamiento luminoso solar en un jardín público &#8211; Escultura paisajística</span></h1>
                <div class="tags_part">
                <span class="badge white">Meyrin (Suiza)</span><span class="badge white">Solar</span>                </div>


                <div class="row"><div class="col-12 col-md-8"><p>Como parte de una planificación artística en un espacio público, el balizamiento luminoso LED solar acompañará a la escultura paisajística L&#8217;enfance du pli, de Gilles Brusset, que forma parte del fondo de arte contemporáneo de la ciudad de Meyrin.</p>
<p>Los balizamientos solares empotrables ECO-120, equipados con LED azules, proporcionan una discreta y poética guía luminosa, realzando la obra y su medio ambiente paisajístico sin necesidad de conexión eléctrica.</p>
<p>Características principales:<br />
&#8211; Balizamiento luminoso solar empotrable ECO-120<br />
&#8211; Color de los LED: azul<br />
&#8211; Balizamiento autónomo, sin consumo de red eléctrica</p>
</div></div>            </div>
        </div>


    </div>
</div>
<div class="container">




<figure data-wp-context="{&quot;imageId&quot;:&quot;69f0eb744fe43&quot;}" data-wp-interactive="core/image" data-wp-key="69f0eb744fe43" class="wp-block-image aligncenter size-large wp-lightbox-container"><img decoding="async" data-wp-class--hide="state.isContentHidden" data-wp-class--show="state.isContentVisible" data-wp-init="callbacks.setButtonStyles" data-wp-on--click="actions.showLightbox" data-wp-on--load="callbacks.setButtonStyles" data-wp-on-window--resize="callbacks.setButtonStyles" src="https://www.eco-innov.com/wp-content/uploads/SUISSE_ECO-120_Meyrin_Balisage_Jardin_public_&#xA9;Pierre-Yves_Brunaud-4-1024x683.jpg" alt="Balizamiento luminoso solar en un jard&#xED;n p&#xFA;blico - Escultura paisaj&#xED;stica" class="wp-image-7711"/><button
			class="lightbox-trigger"
			type="button"
			aria-haspopup="dialog"
			aria-label="Agrandar"
			data-wp-init="callbacks.initTriggerButton"
			data-wp-on--click="actions.showLightbox"
			data-wp-style--right="state.imageButtonRight"
			data-wp-style--top="state.imageButtonTop"
		>
			<svg xmlns="http://www.w3.org/2000/svg" width="12" height="12" fill="none" viewBox="0 0 12 12">
				<path fill="#fff" d="M2 0a2 2 0 0 0-2 2v2h1.5V2a.5.5 0 0 1 .5-.5h2V0H2Zm2 10.5H2a.5.5 0 0 1-.5-.5V8H0v2a2 2 0 0 0 2 2h2v-1.5ZM8 12v-1.5h2a.5.5 0 0 0 .5-.5V8H12v2a2 2 0 0 1-2 2H8Zm2-12a2 2 0 0 1 2 2v2h-1.5V2a.5.5 0 0 0-.5-.5H8V0h2Z" />
			</svg>
		</button></figure>

<p>📍 <em>Instalación realizada en Meyrin (Suiza)</em><br/>📷 <em>Crédito de la foto: Pierre-Yves Brunaud</em></p>
