{"id":9267,"date":"2026-03-26T17:24:46","date_gmt":"2026-03-26T16:24:46","guid":{"rendered":"https:\/\/www.eco-innov.com\/project\/lichtmarkierung-eines-radweges\/"},"modified":"2026-04-20T11:03:35","modified_gmt":"2026-04-20T09:03:35","slug":"lichtmarkierung-eines-radweges","status":"publish","type":"project","link":"https:\/\/www.eco-innov.com\/de\/projekt\/lichtmarkierung-eines-radweges\/","title":{"rendered":"Lichtmarkierung eines Radweges"},"content":{"rendered":"<\/div>\n<div id=\"block-hero-block_690b3fe5f8682d17c86edec36725e44b\" class=\"container-fluid header_project_part px-0  block-hero\">\n    <div class=\"container\">\n        <div class=\"row\">\n            <div class=\"col-12\">\n                <nav aria-label=\"breadcrumbs\" class=\"rank-math-breadcrumb\"><p><span class=\"last\">Startseite<\/span><\/p><\/nav>                    <h1 class=\"with_line with_line_lg\"><span>Lichtmarkierung eines Radweges<\/span><\/h1>\n                <div class=\"tags_part\">\n                <span class=\"badge white\">Raon-l&#8217;\u00c9tape (Frankreich)<\/span><span class=\"badge white\">Solar<\/span>                <\/div>\n\n\n                <div class=\"row\"><div class=\"col-12 col-md-8\"><p>Eine Solar LED-Lichtmarkierung wurde eingesetzt, um die visuelle Abgrenzung zwischen dem Radweg und der Fu\u00dfg\u00e4ngerpromenade zu gew\u00e4hrleisten und so die Lesbarkeit der Wege und die Sicherheit der Nutzer zu verbessern.<\/p>\n<p>Die L\u00f6sung basiert auf eingebetteten Solar-Bolzen ECO-143, die ein feststehendes wei\u00dfes Licht als bidirektionale Streiflichtmarkierung ausstrahlen, die perfekt f\u00fcr die Landschaftsgestaltung von Radwegen geeignet ist.<\/p>\n<p>Hauptmerkmale:<br \/>\n&#8211; Eingebetteter Solar-Bolzen ECO-143<br \/>\n&#8211; Lichtmodus: feststehend<br \/>\n&#8211; LED-Farbe: kaltwei\u00df<br \/>\n&#8211; Bidirektionale Streiflichtmarkierung (1 LED pro Seite)<\/p>\n<\/div><\/div>            <\/div>\n        <\/div>\n\n\n    <\/div>\n<\/div>\n<div class=\"container\">\n\n\n\n\n<figure data-wp-context=\"{&quot;imageId&quot;:&quot;69f0d6261fdcc&quot;}\" data-wp-interactive=\"core\/image\" data-wp-key=\"69f0d6261fdcc\" class=\"wp-block-image aligncenter size-large wp-lightbox-container\"><img decoding=\"async\" data-wp-class--hide=\"state.isContentHidden\" data-wp-class--show=\"state.isContentVisible\" data-wp-init=\"callbacks.setButtonStyles\" data-wp-on--click=\"actions.showLightbox\" data-wp-on--load=\"callbacks.setButtonStyles\" data-wp-on-window--resize=\"callbacks.setButtonStyles\" src=\"https:\/\/www.eco-innov.com\/wp-content\/uploads\/88_ECO-143_Raon-l_Etape_Balisage_Promenade_pietonne_sur_berge_&#xA9;Michel_Denance-1-1024x626.webp\" alt=\"\" class=\"wp-image-8258\"\/><button\n\t\t\tclass=\"lightbox-trigger\"\n\t\t\ttype=\"button\"\n\t\t\taria-haspopup=\"dialog\"\n\t\t\taria-label=\"Vergr\u00f6\u00dfern\"\n\t\t\tdata-wp-init=\"callbacks.initTriggerButton\"\n\t\t\tdata-wp-on--click=\"actions.showLightbox\"\n\t\t\tdata-wp-style--right=\"state.imageButtonRight\"\n\t\t\tdata-wp-style--top=\"state.imageButtonTop\"\n\t\t>\n\t\t\t<svg xmlns=\"http:\/\/www.w3.org\/2000\/svg\" width=\"12\" height=\"12\" fill=\"none\" viewBox=\"0 0 12 12\">\n\t\t\t\t<path fill=\"#fff\" d=\"M2 0a2 2 0 0 0-2 2v2h1.5V2a.5.5 0 0 1 .5-.5h2V0H2Zm2 10.5H2a.5.5 0 0 1-.5-.5V8H0v2a2 2 0 0 0 2 2h2v-1.5ZM8 12v-1.5h2a.5.5 0 0 0 .5-.5V8H12v2a2 2 0 0 1-2 2H8Zm2-12a2 2 0 0 1 2 2v2h-1.5V2a.5.5 0 0 0-.5-.5H8V0h2Z\" \/>\n\t\t\t<\/svg>\n\t\t<\/button><\/figure>\n\n<p>\ud83d\udccd <em>Installation realisiert in Raon-l&#8217;\u00c9tape (88)<\/em><br\/>\ud83d\udcf7 <em>Fotonachweis: Atelier Cit\u00e9 Architecture (Tag) &#8211; Michel Denanc\u00e9<br\/>Lichtdesign: Sc\u00e8ne Publique &#8211; Agathe Argod, assistiert von Flore Siesling<\/em><\/p>\n","protected":false},"featured_media":8260,"template":"","meta":{"_acf_changed":false,"inline_featured_image":false},"pdt-application":[669,676],"location":[775],"technologie":[733],"class_list":["post-9267","project","type-project","status-publish","has-post-thumbnail","hentry","pdt-application-radweg","pdt-application-park-offentlicher-platz","location-raon-letape-frankreich","technologie-solar"],"acf":[],"_links":{"self":[{"href":"https:\/\/www.eco-innov.com\/de\/wp-json\/wp\/v2\/project\/9267","targetHints":{"allow":["GET"]}}],"collection":[{"href":"https:\/\/www.eco-innov.com\/de\/wp-json\/wp\/v2\/project"}],"about":[{"href":"https:\/\/www.eco-innov.com\/de\/wp-json\/wp\/v2\/types\/project"}],"wp:featuredmedia":[{"embeddable":true,"href":"https:\/\/www.eco-innov.com\/de\/wp-json\/wp\/v2\/media\/8260"}],"wp:attachment":[{"href":"https:\/\/www.eco-innov.com\/de\/wp-json\/wp\/v2\/media?parent=9267"}],"wp:term":[{"taxonomy":"pdt-application","embeddable":true,"href":"https:\/\/www.eco-innov.com\/de\/wp-json\/wp\/v2\/pdt-application?post=9267"},{"taxonomy":"location","embeddable":true,"href":"https:\/\/www.eco-innov.com\/de\/wp-json\/wp\/v2\/location?post=9267"},{"taxonomy":"technologie","embeddable":true,"href":"https:\/\/www.eco-innov.com\/de\/wp-json\/wp\/v2\/technologie?post=9267"}],"curies":[{"name":"wp","href":"https:\/\/api.w.org\/{rel}","templated":true}]}}

</div>
<div id="block-hero-block_690b3fe5f8682d17c86edec36725e44b" class="container-fluid header_project_part px-0  block-hero">
    <div class="container">
        <div class="row">
            <div class="col-12">
                <nav aria-label="breadcrumbs" class="rank-math-breadcrumb"><p><span class="last">Startseite</span></p></nav>                    <h1 class="with_line with_line_lg"><span>Lichtmarkierung eines Radweges</span></h1>
                <div class="tags_part">
                <span class="badge white">Raon-l&#8217;Étape (Frankreich)</span><span class="badge white">Solar</span>                </div>


                <div class="row"><div class="col-12 col-md-8"><p>Eine Solar LED-Lichtmarkierung wurde eingesetzt, um die visuelle Abgrenzung zwischen dem Radweg und der Fußgängerpromenade zu gewährleisten und so die Lesbarkeit der Wege und die Sicherheit der Nutzer zu verbessern.</p>
<p>Die Lösung basiert auf eingebetteten Solar-Bolzen ECO-143, die ein feststehendes weißes Licht als bidirektionale Streiflichtmarkierung ausstrahlen, die perfekt für die Landschaftsgestaltung von Radwegen geeignet ist.</p>
<p>Hauptmerkmale:<br />
&#8211; Eingebetteter Solar-Bolzen ECO-143<br />
&#8211; Lichtmodus: feststehend<br />
&#8211; LED-Farbe: kaltweiß<br />
&#8211; Bidirektionale Streiflichtmarkierung (1 LED pro Seite)</p>
</div></div>            </div>
        </div>


    </div>
</div>
<div class="container">




<figure data-wp-context="{&quot;imageId&quot;:&quot;69f0d6261fdcc&quot;}" data-wp-interactive="core/image" data-wp-key="69f0d6261fdcc" class="wp-block-image aligncenter size-large wp-lightbox-container"><img decoding="async" data-wp-class--hide="state.isContentHidden" data-wp-class--show="state.isContentVisible" data-wp-init="callbacks.setButtonStyles" data-wp-on--click="actions.showLightbox" data-wp-on--load="callbacks.setButtonStyles" data-wp-on-window--resize="callbacks.setButtonStyles" src="https://www.eco-innov.com/wp-content/uploads/88_ECO-143_Raon-l_Etape_Balisage_Promenade_pietonne_sur_berge_&#xA9;Michel_Denance-1-1024x626.webp" alt="" class="wp-image-8258"/><button
			class="lightbox-trigger"
			type="button"
			aria-haspopup="dialog"
			aria-label="Vergrößern"
			data-wp-init="callbacks.initTriggerButton"
			data-wp-on--click="actions.showLightbox"
			data-wp-style--right="state.imageButtonRight"
			data-wp-style--top="state.imageButtonTop"
		>
			<svg xmlns="http://www.w3.org/2000/svg" width="12" height="12" fill="none" viewBox="0 0 12 12">
				<path fill="#fff" d="M2 0a2 2 0 0 0-2 2v2h1.5V2a.5.5 0 0 1 .5-.5h2V0H2Zm2 10.5H2a.5.5 0 0 1-.5-.5V8H0v2a2 2 0 0 0 2 2h2v-1.5ZM8 12v-1.5h2a.5.5 0 0 0 .5-.5V8H12v2a2 2 0 0 1-2 2H8Zm2-12a2 2 0 0 1 2 2v2h-1.5V2a.5.5 0 0 0-.5-.5H8V0h2Z" />
			</svg>
		</button></figure>

<p>📍 <em>Installation realisiert in Raon-l&#8217;Étape (88)</em><br/>📷 <em>Fotonachweis: Atelier Cité Architecture (Tag) &#8211; Michel Denancé<br/>Lichtdesign: Scène Publique &#8211; Agathe Argod, assistiert von Flore Siesling</em></p>
